{"id":138,"date":"2019-11-01T12:07:05","date_gmt":"2019-11-01T11:07:05","guid":{"rendered":"http:\/\/lejardindepaul.org\/index.php\/about-us\/"},"modified":"2023-09-08T11:11:35","modified_gmt":"2023-09-08T09:11:35","slug":"about-us","status":"publish","type":"page","link":"https:\/\/lejardindepaul.org\/index.php\/about-us\/","title":{"rendered":"L&#8217;\u00e9quipe"},"content":{"rendered":"\t\t<div data-elementor-type=\"wp-page\" data-elementor-id=\"138\" class=\"elementor elementor-138\">\n\t\t\t\t\t\t\t\t\t<section class=\"elementor-section elementor-top-section elementor-element elementor-element-2b1a857 elementor-section-boxed elementor-section-height-default elementor-section-height-default\" data-id=\"2b1a857\" data-element_type=\"section\" data-settings=\"{&quot;background_background&quot;:&quot;gradient&quot;}\">\n\t\t\t\t\t\t<div class=\"elementor-container elementor-column-gap-no\">\n\t\t\t\t\t<div class=\"elementor-column elementor-col-100 elementor-top-column elementor-element elementor-element-69999ca\" data-id=\"69999ca\" data-element_type=\"column\">\n\t\t\t<div class=\"elementor-widget-wrap elementor-element-populated\">\n\t\t\t\t\t\t\t\t<div class=\"elementor-element elementor-element-7c9cf87 elementor-widget elementor-widget-heading\" data-id=\"7c9cf87\" data-element_type=\"widget\" data-widget_type=\"heading.default\">\n\t\t\t\t<div class=\"elementor-widget-container\">\n\t\t\t<style>\/*! elementor - v3.16.0 - 14-09-2023 *\/\n.elementor-heading-title{padding:0;margin:0;line-height:1}.elementor-widget-heading .elementor-heading-title[class*=elementor-size-]>a{color:inherit;font-size:inherit;line-height:inherit}.elementor-widget-heading .elementor-heading-title.elementor-size-small{font-size:15px}.elementor-widget-heading .elementor-heading-title.elementor-size-medium{font-size:19px}.elementor-widget-heading .elementor-heading-title.elementor-size-large{font-size:29px}.elementor-widget-heading .elementor-heading-title.elementor-size-xl{font-size:39px}.elementor-widget-heading .elementor-heading-title.elementor-size-xxl{font-size:59px}<\/style><h2 class=\"elementor-heading-title elementor-size-xl\">L'\u00e9quipe<\/h2>\t\t<\/div>\n\t\t\t\t<\/div>\n\t\t\t\t\t<\/div>\n\t\t<\/div>\n\t\t\t\t\t\t\t<\/div>\n\t\t<\/section>\n\t\t\t\t<section class=\"elementor-section elementor-top-section elementor-element elementor-element-e576bc2 elementor-section-boxed elementor-section-height-default elementor-section-height-default\" data-id=\"e576bc2\" data-element_type=\"section\">\n\t\t\t\t\t\t<div class=\"elementor-container elementor-column-gap-default\">\n\t\t\t\t\t<div class=\"elementor-column elementor-col-33 elementor-top-column elementor-element elementor-element-671c5e0\" data-id=\"671c5e0\" data-element_type=\"column\">\n\t\t\t<div class=\"elementor-widget-wrap elementor-element-populated\">\n\t\t\t\t\t\t\t\t<div class=\"elementor-element elementor-element-0f46df1 elementor-position-top elementor-widget elementor-widget-image-box\" data-id=\"0f46df1\" data-element_type=\"widget\" data-widget_type=\"image-box.default\">\n\t\t\t\t<div class=\"elementor-widget-container\">\n\t\t\t<style>\/*! elementor - v3.16.0 - 14-09-2023 *\/\n.elementor-widget-image-box .elementor-image-box-content{width:100%}@media (min-width:768px){.elementor-widget-image-box.elementor-position-left .elementor-image-box-wrapper,.elementor-widget-image-box.elementor-position-right .elementor-image-box-wrapper{display:flex}.elementor-widget-image-box.elementor-position-right .elementor-image-box-wrapper{text-align:right;flex-direction:row-reverse}.elementor-widget-image-box.elementor-position-left .elementor-image-box-wrapper{text-align:left;flex-direction:row}.elementor-widget-image-box.elementor-position-top .elementor-image-box-img{margin:auto}.elementor-widget-image-box.elementor-vertical-align-top .elementor-image-box-wrapper{align-items:flex-start}.elementor-widget-image-box.elementor-vertical-align-middle .elementor-image-box-wrapper{align-items:center}.elementor-widget-image-box.elementor-vertical-align-bottom .elementor-image-box-wrapper{align-items:flex-end}}@media (max-width:767px){.elementor-widget-image-box .elementor-image-box-img{margin-left:auto!important;margin-right:auto!important;margin-bottom:15px}}.elementor-widget-image-box .elementor-image-box-img{display:inline-block}.elementor-widget-image-box .elementor-image-box-title a{color:inherit}.elementor-widget-image-box .elementor-image-box-wrapper{text-align:center}.elementor-widget-image-box .elementor-image-box-description{margin:0}<\/style><div class=\"elementor-image-box-wrapper\"><figure class=\"elementor-image-box-img\"><img loading=\"lazy\" decoding=\"async\" width=\"150\" height=\"150\" src=\"https:\/\/lejardindepaul.org\/wp-content\/uploads\/2023\/07\/SylvieGoguelyPhoto-150x150.jpg\" class=\"attachment-thumbnail size-thumbnail wp-image-2134\" alt=\"\" srcset=\"https:\/\/lejardindepaul.org\/wp-content\/uploads\/2023\/07\/SylvieGoguelyPhoto-150x150.jpg 150w, https:\/\/lejardindepaul.org\/wp-content\/uploads\/2023\/07\/SylvieGoguelyPhoto-300x300.jpg 300w, https:\/\/lejardindepaul.org\/wp-content\/uploads\/2023\/07\/SylvieGoguelyPhoto-1024x1024.jpg 1024w, https:\/\/lejardindepaul.org\/wp-content\/uploads\/2023\/07\/SylvieGoguelyPhoto-768x768.jpg 768w, https:\/\/lejardindepaul.org\/wp-content\/uploads\/2023\/07\/SylvieGoguelyPhoto-1536x1536.jpg 1536w, https:\/\/lejardindepaul.org\/wp-content\/uploads\/2023\/07\/SylvieGoguelyPhoto-2048x2048.jpg 2048w\" sizes=\"auto, (max-width: 150px) 100vw, 150px\" \/><\/figure><div class=\"elementor-image-box-content\"><h3 class=\"elementor-image-box-title\">Sylvie Goguely<\/h3><p class=\"elementor-image-box-description\">Pr\u00e9sidente, co-fondatrice de l'association<br>Grasse<\/p><\/div><\/div>\t\t<\/div>\n\t\t\t\t<\/div>\n\t\t\t\t\t<\/div>\n\t\t<\/div>\n\t\t\t\t<div class=\"elementor-column elementor-col-33 elementor-top-column elementor-element elementor-element-9192142\" data-id=\"9192142\" data-element_type=\"column\">\n\t\t\t<div class=\"elementor-widget-wrap elementor-element-populated\">\n\t\t\t\t\t\t\t\t<div class=\"elementor-element elementor-element-fe66f49 elementor-position-top elementor-widget elementor-widget-image-box\" data-id=\"fe66f49\" data-element_type=\"widget\" data-widget_type=\"image-box.default\">\n\t\t\t\t<div class=\"elementor-widget-container\">\n\t\t\t<div class=\"elementor-image-box-wrapper\"><figure class=\"elementor-image-box-img\"><img loading=\"lazy\" decoding=\"async\" width=\"150\" height=\"150\" src=\"https:\/\/lejardindepaul.org\/wp-content\/uploads\/2023\/07\/GG3G8219-150x150.jpg\" class=\"attachment-thumbnail size-thumbnail wp-image-2175\" alt=\"\" \/><\/figure><div class=\"elementor-image-box-content\"><h3 class=\"elementor-image-box-title\">Justine Granger<\/h3><p class=\"elementor-image-box-description\">Administratrice et secr\u00e9taire, co-fondatrice de l'association. Paris<\/p><\/div><\/div>\t\t<\/div>\n\t\t\t\t<\/div>\n\t\t\t\t\t<\/div>\n\t\t<\/div>\n\t\t\t\t<div class=\"elementor-column elementor-col-33 elementor-top-column elementor-element elementor-element-8cf75ec\" data-id=\"8cf75ec\" data-element_type=\"column\">\n\t\t\t<div class=\"elementor-widget-wrap elementor-element-populated\">\n\t\t\t\t\t\t\t\t<div class=\"elementor-element elementor-element-876c710 elementor-position-top elementor-widget elementor-widget-image-box\" data-id=\"876c710\" data-element_type=\"widget\" data-widget_type=\"image-box.default\">\n\t\t\t\t<div class=\"elementor-widget-container\">\n\t\t\t<div class=\"elementor-image-box-wrapper\"><figure class=\"elementor-image-box-img\"><img loading=\"lazy\" decoding=\"async\" width=\"150\" height=\"150\" src=\"https:\/\/lejardindepaul.org\/wp-content\/uploads\/2023\/02\/unnamed-150x150.webp\" class=\"attachment-thumbnail size-thumbnail wp-image-1808\" alt=\"\" srcset=\"https:\/\/lejardindepaul.org\/wp-content\/uploads\/2023\/02\/unnamed-150x150.webp 150w, https:\/\/lejardindepaul.org\/wp-content\/uploads\/2023\/02\/unnamed.webp 288w\" sizes=\"auto, (max-width: 150px) 100vw, 150px\" \/><\/figure><div class=\"elementor-image-box-content\"><h3 class=\"elementor-image-box-title\">Quentin Granger<\/h3><p class=\"elementor-image-box-description\">Administrateur et tr\u00e9sorier, co-fondateur de l'association. Paris <\/p><\/div><\/div>\t\t<\/div>\n\t\t\t\t<\/div>\n\t\t\t\t\t<\/div>\n\t\t<\/div>\n\t\t\t\t\t\t\t<\/div>\n\t\t<\/section>\n\t\t\t\t<section class=\"elementor-section elementor-top-section elementor-element elementor-element-fa63b51 elementor-section-boxed elementor-section-height-default elementor-section-height-default\" data-id=\"fa63b51\" data-element_type=\"section\" data-settings=\"{&quot;background_background&quot;:&quot;classic&quot;}\">\n\t\t\t\t\t\t<div class=\"elementor-container elementor-column-gap-default\">\n\t\t\t\t\t<div class=\"elementor-column elementor-col-100 elementor-top-column elementor-element elementor-element-6183f0f\" data-id=\"6183f0f\" data-element_type=\"column\">\n\t\t\t<div class=\"elementor-widget-wrap elementor-element-populated\">\n\t\t\t\t\t\t\t\t<div class=\"elementor-element elementor-element-c4f6dab elementor-widget elementor-widget-heading\" data-id=\"c4f6dab\" data-element_type=\"widget\" data-widget_type=\"heading.default\">\n\t\t\t\t<div class=\"elementor-widget-container\">\n\t\t\t<h2 class=\"elementor-heading-title elementor-size-xl\">Nos amis sur place<\/h2>\t\t<\/div>\n\t\t\t\t<\/div>\n\t\t\t\t\t<\/div>\n\t\t<\/div>\n\t\t\t\t\t\t\t<\/div>\n\t\t<\/section>\n\t\t\t\t<section class=\"elementor-section elementor-top-section elementor-element elementor-element-0240a68 elementor-section-boxed elementor-section-height-default elementor-section-height-default\" data-id=\"0240a68\" data-element_type=\"section\" data-settings=\"{&quot;background_background&quot;:&quot;classic&quot;}\">\n\t\t\t\t\t\t<div class=\"elementor-container elementor-column-gap-wider\">\n\t\t\t\t\t<div class=\"elementor-column elementor-col-66 elementor-top-column elementor-element elementor-element-8646d3d\" data-id=\"8646d3d\" data-element_type=\"column\">\n\t\t\t<div class=\"elementor-widget-wrap elementor-element-populated\">\n\t\t\t\t\t\t\t\t<div class=\"elementor-element elementor-element-84a5be0 elementor-widget elementor-widget-heading\" data-id=\"84a5be0\" data-element_type=\"widget\" data-widget_type=\"heading.default\">\n\t\t\t\t<div class=\"elementor-widget-container\">\n\t\t\t<h3 class=\"elementor-heading-title elementor-size-default\">Les amantes de la Croix<\/h3>\t\t<\/div>\n\t\t\t\t<\/div>\n\t\t\t\t<div class=\"elementor-element elementor-element-436eea8 elementor-widget elementor-widget-text-editor\" data-id=\"436eea8\" data-element_type=\"widget\" data-widget_type=\"text-editor.default\">\n\t\t\t\t<div class=\"elementor-widget-container\">\n\t\t\t<style>\/*! elementor - v3.16.0 - 14-09-2023 *\/\n.elementor-widget-text-editor.elementor-drop-cap-view-stacked .elementor-drop-cap{background-color:#69727d;color:#fff}.elementor-widget-text-editor.elementor-drop-cap-view-framed .elementor-drop-cap{color:#69727d;border:3px solid;background-color:transparent}.elementor-widget-text-editor:not(.elementor-drop-cap-view-default) .elementor-drop-cap{margin-top:8px}.elementor-widget-text-editor:not(.elementor-drop-cap-view-default) .elementor-drop-cap-letter{width:1em;height:1em}.elementor-widget-text-editor .elementor-drop-cap{float:left;text-align:center;line-height:1;font-size:50px}.elementor-widget-text-editor .elementor-drop-cap-letter{display:inline-block}<\/style>\t\t\t\t<p>La congr\u00e9gation des Amantes de La Croix est l\u2019une des plus anciennes congr\u00e9gations du Vietnam.<\/p><p>Une communaut\u00e9 est implant\u00e9e dans le dioc\u00e8se de Phan Thiet.<\/p><p>Cette communaut\u00e9 se d\u00e9die au soutien des jeunes femmes qu\u2019elle accueille.<\/p>\t\t\t\t\t\t<\/div>\n\t\t\t\t<\/div>\n\t\t\t\t\t<\/div>\n\t\t<\/div>\n\t\t\t\t<div class=\"elementor-column elementor-col-33 elementor-top-column elementor-element elementor-element-8a9e389\" data-id=\"8a9e389\" data-element_type=\"column\">\n\t\t\t<div class=\"elementor-widget-wrap elementor-element-populated\">\n\t\t\t\t\t\t\t\t<div class=\"elementor-element elementor-element-bf8208e elementor-widget__width-auto elementor-widget elementor-widget-image\" data-id=\"bf8208e\" data-element_type=\"widget\" data-widget_type=\"image.default\">\n\t\t\t\t<div class=\"elementor-widget-container\">\n\t\t\t<style>\/*! elementor - v3.16.0 - 14-09-2023 *\/\n.elementor-widget-image{text-align:center}.elementor-widget-image a{display:inline-block}.elementor-widget-image a img[src$=\".svg\"]{width:48px}.elementor-widget-image img{vertical-align:middle;display:inline-block}<\/style>\t\t\t\t\t\t\t\t\t\t\t\t<img loading=\"lazy\" decoding=\"async\" width=\"2435\" height=\"1536\" src=\"https:\/\/lejardindepaul.org\/wp-content\/uploads\/2023\/03\/IMG_7335.jpg\" class=\"attachment-full size-full wp-image-1869\" alt=\"\" srcset=\"https:\/\/lejardindepaul.org\/wp-content\/uploads\/2023\/03\/IMG_7335.jpg 2435w, https:\/\/lejardindepaul.org\/wp-content\/uploads\/2023\/03\/IMG_7335-300x189.jpg 300w, https:\/\/lejardindepaul.org\/wp-content\/uploads\/2023\/03\/IMG_7335-1024x646.jpg 1024w, https:\/\/lejardindepaul.org\/wp-content\/uploads\/2023\/03\/IMG_7335-768x484.jpg 768w, https:\/\/lejardindepaul.org\/wp-content\/uploads\/2023\/03\/IMG_7335-1536x969.jpg 1536w, https:\/\/lejardindepaul.org\/wp-content\/uploads\/2023\/03\/IMG_7335-2048x1292.jpg 2048w\" sizes=\"auto, (max-width: 2435px) 100vw, 2435px\" \/>\t\t\t\t\t\t\t\t\t\t\t\t\t\t\t<\/div>\n\t\t\t\t<\/div>\n\t\t\t\t\t<\/div>\n\t\t<\/div>\n\t\t\t\t\t\t\t<\/div>\n\t\t<\/section>\n\t\t\t\t<section class=\"elementor-section elementor-top-section elementor-element elementor-element-28337a9 elementor-section-boxed elementor-section-height-default elementor-section-height-default\" data-id=\"28337a9\" data-element_type=\"section\" data-settings=\"{&quot;background_background&quot;:&quot;classic&quot;}\">\n\t\t\t\t\t\t<div class=\"elementor-container elementor-column-gap-wider\">\n\t\t\t\t\t<div class=\"elementor-column elementor-col-66 elementor-top-column elementor-element elementor-element-415d9a9\" data-id=\"415d9a9\" data-element_type=\"column\">\n\t\t\t<div class=\"elementor-widget-wrap elementor-element-populated\">\n\t\t\t\t\t\t\t\t<div class=\"elementor-element elementor-element-817641d elementor-widget elementor-widget-heading\" data-id=\"817641d\" data-element_type=\"widget\" data-widget_type=\"heading.default\">\n\t\t\t\t<div class=\"elementor-widget-container\">\n\t\t\t<h3 class=\"elementor-heading-title elementor-size-default\">Les soeurs de Saint-Vincent de Paul<\/h3>\t\t<\/div>\n\t\t\t\t<\/div>\n\t\t\t\t<div class=\"elementor-element elementor-element-f18dc66 elementor-widget elementor-widget-text-editor\" data-id=\"f18dc66\" data-element_type=\"widget\" data-widget_type=\"text-editor.default\">\n\t\t\t\t<div class=\"elementor-widget-container\">\n\t\t\t\t\t\t\t<div><div>La Congr\u00e9gation des Soeurs de Saint-Vincent de Paul est pr\u00e9sente dans la province de KON TUM (Hauts Plateaux du Centre).\u00a0<span style=\"background-color: var(--ast-global-color-4); color: var(--ast-global-color-3); font-size: 1rem;\">Il s\u2019agit de l\u2019une des r\u00e9gions les plus pauvre du Vietnam.\u00a0<\/span><\/div><div><span style=\"background-color: var(--ast-global-color-4); color: var(--ast-global-color-3); font-size: 1rem;\">\u00a0<\/span><\/div><div>La communaut\u00e9 de KON TUM accueille 180 enfants et jeunes.\u00a0<span style=\"background-color: var(--ast-global-color-4); color: var(--ast-global-color-3); font-size: 1rem;\">Un grand nombre d\u2019enfants vivent dans des familles dont un ou plusieurs membres sont atteints par la l\u00e8pre.\u00a0<\/span><span style=\"background-color: var(--ast-global-color-4); color: var(--ast-global-color-3); font-size: 1rem;\">La commu<\/span><span style=\"background-color: var(--ast-global-color-4); color: var(--ast-global-color-3); font-size: 1rem;\">naut\u00e9 accueille \u00e9galement des adultes isol\u00e9s atteint par la l\u00e8pre.<\/span><\/div><div><span style=\"background-color: var(--ast-global-color-4); color: var(--ast-global-color-3); font-size: 1rem;\">\u00a0<\/span><\/div><div>La communaut\u00e9 est active dans les villages isol\u00e9s avec la mise en place hebdomadaire de distributions alimentaires.<\/div><\/div>\t\t\t\t\t\t<\/div>\n\t\t\t\t<\/div>\n\t\t\t\t\t<\/div>\n\t\t<\/div>\n\t\t\t\t<div class=\"elementor-column elementor-col-33 elementor-top-column elementor-element elementor-element-8236d3e\" data-id=\"8236d3e\" data-element_type=\"column\">\n\t\t\t<div class=\"elementor-widget-wrap elementor-element-populated\">\n\t\t\t\t\t\t\t\t<div class=\"elementor-element elementor-element-8c7ff9f elementor-widget__width-auto elementor-widget elementor-widget-image\" data-id=\"8c7ff9f\" data-element_type=\"widget\" data-widget_type=\"image.default\">\n\t\t\t\t<div class=\"elementor-widget-container\">\n\t\t\t\t\t\t\t\t\t\t\t\t\t\t\t<img loading=\"lazy\" decoding=\"async\" width=\"640\" height=\"339\" src=\"https:\/\/lejardindepaul.org\/wp-content\/uploads\/2023\/04\/IMG_7399.jpeg\" class=\"attachment-full size-full wp-image-1882\" alt=\"\" srcset=\"https:\/\/lejardindepaul.org\/wp-content\/uploads\/2023\/04\/IMG_7399.jpeg 640w, https:\/\/lejardindepaul.org\/wp-content\/uploads\/2023\/04\/IMG_7399-300x159.jpeg 300w\" sizes=\"auto, (max-width: 640px) 100vw, 640px\" \/>\t\t\t\t\t\t\t\t\t\t\t\t\t\t\t<\/div>\n\t\t\t\t<\/div>\n\t\t\t\t\t<\/div>\n\t\t<\/div>\n\t\t\t\t\t\t\t<\/div>\n\t\t<\/section>\n\t\t\t\t\t\t\t<\/div>\n\t\t","protected":false},"excerpt":{"rendered":"<p>L&#8217;\u00e9quipe Sylvie Goguely Pr\u00e9sidente, co-fondatrice de l&#8217;associationGrasse Justine Granger Administratrice et secr\u00e9taire, co-fondatrice de l&#8217;association. Paris Quentin Granger Administrateur et tr\u00e9sorier, co-fondateur de l&#8217;association. Paris Nos amis sur place Les amantes de la Croix La congr\u00e9gation des Amantes de La Croix est l\u2019une des plus anciennes congr\u00e9gations du Vietnam. Une communaut\u00e9 est implant\u00e9e dans le &hellip;<\/p>\n<p class=\"read-more\"> <a class=\"\" href=\"https:\/\/lejardindepaul.org\/index.php\/about-us\/\"> <span class=\"screen-reader-text\">L&#8217;\u00e9quipe<\/span> Read More &raquo;<\/a><\/p>\n","protected":false},"author":1,"featured_media":0,"parent":0,"menu_order":0,"comment_status":"closed","ping_status":"closed","template":"","meta":{"site-sidebar-layout":"no-sidebar","site-content-layout":"page-builder","ast-site-content-layout":"","site-content-style":"default","site-sidebar-style":"default","ast-global-header-display":"","ast-banner-title-visibility":"","ast-main-header-display":"","ast-hfb-above-header-display":"","ast-hfb-below-header-display":"","ast-hfb-mobile-header-display":"","site-post-title":"disabled","ast-breadcrumbs-content":"","ast-featured-img":"disabled","footer-sml-layout":"","theme-transparent-header-meta":"default","adv-header-id-meta":"","stick-header-meta":"","header-above-stick-meta":"","header-main-stick-meta":"","header-below-stick-meta":"","astra-migrate-meta-layouts":"","footnotes":""},"class_list":["post-138","page","type-page","status-publish","hentry"],"_links":{"self":[{"href":"https:\/\/lejardindepaul.org\/index.php\/wp-json\/wp\/v2\/pages\/138","targetHints":{"allow":["GET"]}}],"collection":[{"href":"https:\/\/lejardindepaul.org\/index.php\/wp-json\/wp\/v2\/pages"}],"about":[{"href":"https:\/\/lejardindepaul.org\/index.php\/wp-json\/wp\/v2\/types\/page"}],"author":[{"embeddable":true,"href":"https:\/\/lejardindepaul.org\/index.php\/wp-json\/wp\/v2\/users\/1"}],"replies":[{"embeddable":true,"href":"https:\/\/lejardindepaul.org\/index.php\/wp-json\/wp\/v2\/comments?post=138"}],"version-history":[{"count":71,"href":"https:\/\/lejardindepaul.org\/index.php\/wp-json\/wp\/v2\/pages\/138\/revisions"}],"predecessor-version":[{"id":2299,"href":"https:\/\/lejardindepaul.org\/index.php\/wp-json\/wp\/v2\/pages\/138\/revisions\/2299"}],"wp:attachment":[{"href":"https:\/\/lejardindepaul.org\/index.php\/wp-json\/wp\/v2\/media?parent=138"}],"curies":[{"name":"wp","href":"https:\/\/api.w.org\/{rel}","templated":true}]}}